b(t) + 6*l(t). Determine x(1).
7
Let a(y) be the first derivative of y**4/4 + 14*y**3/3 + 6*y**2 + y - 10516. Let b be (-26)/4*(-2)/(-1). What is a(b)?
14
Let g(a) = 77*a - 2002. Let j be g(26). Let z(t) be the second derivative of 1/20*t**5 + 0 + 1/2*t**4 + j*t**3 - 16*t + t**2. Calculate z(-6).
2
Let q(m) be the third derivative of m**6/120 + m**5/60 - m**3/3 - 5*m**2 - 2*m. Determine q(2).
10
Let q(c) = 2*c + 2. Let x = 349 - 222. Suppose -27 + x = 20*y. Calculate q(y).
12
Let j = 10 + -16. Let y(u) = -3*u**2 + 10*u - 1. Let r(l) = l**2 - l. Let z(a) = -4*r(a) - y(a). Give z(j).
1
Let c(v) = 2*v**2 + 37*v - 143. Let h(g) = g**2 + 36*g - 143. Let u(r) = -2*c(r) + 3*h(r). Give u(29).
2
Suppose 5*q = 2*a - 348 + 337, -5*a - 1 = -3*q. Let d(v) = v**2 + 2*v - 3. What is d(q)?
0
Let i(a) = 3*a**2 - 6*a + 67*a**3 - 21 + 62*a**3 + 6*a - 128*a**3 - 11*a. What is i(-5)?
-16
Suppose 0 = 3*s + 2*s - 25. Suppose -3*a = -5*p + 8 + 3, 0 = -2*a - 3*p + 18. Let z(v) = -2 - a*v + 4 + 3 + v. What is z(s)?
-5
Let v(h) = h**3 - 121*h**2 - 34*h - 39. Let w(z) = z**3 - 113*z**2 - 34*z - 38. Let s(d) = 13*v(d) - 14*w(d). Calculate s(12).
1
Let l(w) = w + 40. Let c be l(-20). Suppose 5*x = c, j + x - 7 - 56 = 0. Let p = 68 - j. Let g(m) = m**3 - 9*m**2 + m - 11. Determine g(p).
-2
Let j(c) be the third derivative of 17*c**4/24 + 79*c**3/3 - 11*c**2 + 60*c. What is j(-9)?
5
Let i(u) = -31*u**2 + 6*u + 2. Let n(g) = -27*g**2 + 5*g + 2. Let p(r) = 6*i(r) - 7*n(r). Give p(1).
2
Let t = 0 - 2. Let v(o) be the second derivative of o**6/120 - o**4/24 + o**3/3 + 22*o**2 + 12*o + 2. Let q(s) be the first derivative of v(s). Give q(t).
-4
Let g(w) be the third derivative of -1/3*w**3 + 1/12*w**4 + 125*w**2 + 0*w + 1/120*w**6 + 1/15*w**5 + 0. Let u = -7 + 4. Determine g(u).
1
Let p(a) = 16*a + 44. Let t(z) = -3*z + 15 + 13 - 5 + 12*z. Let s(i) = -4*p(i) + 7*t(i). What is s(-8)?
-7
Let v(z) = z**3 - 3*z - 4. Let c = 49 - 55. Let y be -7 + (-288)/(-27) - (-4)/c. Determine v(y).
14
Let o(s) = s**3 + 4*s**2 - 7*s - 10. Suppose -4*r + 24 = 0, -3*h - 13*r = -11*r. Determine o(h).
18
Let w be 2/(-3) + (2431/(-39))/(-11) - 12. Let x(c) = c**2 + 13*c + 3. Calculate x(w).
-39
Let n(m) = 4*m**2 + 13*m + 6. Let o = 19087 - 19092. Give n(o).
41
Suppose 52*u - 248 = 116. Let y(o) = 3*o - 21. What is y(u)?
0
Let k(p) = p**2 - 11*p + 8. Suppose 29*t = 25*t + 8. Let a be ((12 + -6)/18)/(t/18). Suppose -5*n = -3*h - 50 + 12, a*n - 10 = 5*h. What is k(n)?
-2
Let c(b) = -13*b + 3. Suppose 5*n + 9 + 11 = 0, -j - 2*n = -46. Let q be (j - 47) + (-1 - 4). Calculate c(q).
-23
Let k(f) = -6*f + 1. Let d be 116/16 + 4/(-16). Suppose 2*b + 6 = 0, -d*b + 4 = 5*a - 5*b. Let s(y) = -6*y + 1. Let n(w) = a*k(w) - 3*s(w). Give n(1).
5
Let v(b) be the second derivative of 1/12*b**4 + 1/6*b**3 + 1/2*b**2 - 18 - b. What is v(0)?
1
Let h(t) = 4*t**3 - 4*t**2 + t + 3. Let u be h(2). Let y be (-4)/(-3)*u/4. Let s(x) = x**2 - 8*x + 7. Calculate s(y).
0
Let v = -432 + 448. Let i be (-32)/4 - -16 - v. Let c(u) = -u**2 - 5*u - 14. Let z(q) = q**2 + 4*q + 15. Let b(h) = -5*c(h) - 4*z(h). Calculate b(i).
2
Let o(z) = -82*z + 1308. Let s be o(16). Let h(i) = -9*i - 44. Calculate h(s).
-8
Let u(m) = 4*m + 8 - 7 - 2*m**2 + 2 + 9 + 21*m. Determine u(13).
-1
Let s be ((-7)/3)/(1/6). Let h(f) = -14*f**2 - 430104*f**3 - 29 + 430103*f**3 - 153*f + 151*f. Calculate h(s).
-1
Suppose 0 = -3*d - 10 + 1. Suppose 4*p - 67 + 67 = 0. Let n be (p - d/6)/((-3)/(-36)). Let j(t) = t**3 - 6*t**2 + 7. What is j(n)?
7
Let v = -59 + 66. Let m = v - 3. Suppose 0 = m*n + 2*f - 22, n - 2*n - 3*f + 8 = 0. Let k(y) = -y**3 + 4*y**2 - 1. Calculate k(n).
-26
Let j(k) = -2*k. Suppose -3*n + 13*u + 9 = 12*u, 0 = -2*n + 5*u + 19. Suppose 5*y + 5*x + 20 = 0, -6*y = -5*y + n*x + 9. Give j(y).
-2
Let k(t) be the second derivative of t**5/60 + 3*t**4/8 - 5*t**3/3 - 99*t. Let z(l) be the second derivative of k(l). Determine z(-7).
-5
Suppose 756*y + 8 = 758*y. Let h(l) = 4*l - y*l - l - l + 3*l + 18. Determine h(-13).
5
Let t(m) = -33*m - 1 + 23*m + m**3 + 4*m**2 - 28*m - 24*m + m. Determine t(6).
-7
Let c(m) = 75*m**2 + 84*m**2 - 3*m - 166 - 160*m**2 + 168. Determine c(3).
-16
Suppose -3*y + 136 = -185. Let d(o) = -4*o + 10*o - 108 - 2*o**2 + y. What is d(4)?
-9
Suppose 64 = -49*b + 799. Let m(k) = -k**2 + 36*k - 323. Give m(b).
-8
Let b(a) = a**3 + 8*a**2 - 2*a + 2. Suppose 20*j - 44 = -4. Let x be 20*(j - 72/30). Calculate b(x).
18
Let u(j) = j**2 - 15*j - 78. Let d be u(-4). Let b(y) = y**3 + 3*y**2 + 3*y + 3. Let h(q) = -2*q**3 - 5*q**2 - 6*q - 6. Let x(c) = -7*b(c) - 4*h(c). Give x(d).
-15
Let v = 23 - 22. Let z be (v/2)/(2/52). Let j(w) = 11*w + 18*w - 43*w - 9*w**2 + z*w. Determine j(-1).
-8
Let u(t) = 16*t**2 + 49*t - 2. Let a(h) = -h**2 - h + 1. Let d(m) = -2*a(m) + u(m). Determine d(-3).
5
Let i be ((-434)/(-140) + 1 + -4)*10. Let u(s) = -17*s**3 + 3*s**2 + 2*s + 5. Let p(a) = 8*a**3 - 2*a**2 - a - 3. Let o(t) = -5*p(t) - 3*u(t). Determine o(i).
11
Let k(i) = 4415382 + 26*i - 4415344 - 3*i**2 - 10*i. Calculate k(-2).
-6
Let c(m) = -3*m + 15 - 15 + 2*m. Suppose -i - 2*k - 82 = -0*i, -k = 2*i + 179. Let a = i - -88. Determine c(a).
4
Suppose 3*x + 5 - 3 = -4*i, -3*i + 5*x + 13 = 0. Let g(k) = -7*k**3 - 7*k**3 + k**2 - k**3 + 0*k**3 + 19*k**3 + 2*k + i. Give g(-1).
-4
Let x(g) be the first derivative of -g**4/4 - 4*g**3/3 - 3*g**2/2 - 3*g - 887. Suppose 4*j + 5*y + 6 = 0, y = -j - j - 6. What is x(j)?
9
Let n(j) = -j + 27. Let z(t) = -5*t + 109. Let w(i) = 26*n(i) - 6*z(i). Let f(l) = -2*l - 22. Let x(h) = -5*f(h) - 2*w(h). Calculate x(-7).
0
Let q = -164 - -168. Let z(a) = 4*a**2 - 21*a + 16. What is z(q)?
-4
Let a = -5 + 8. Let r(f) be the second derivative of f**4/24 - f**3/6 + 39*f**2 - 21*f. Let t(z) be the first derivative of r(z). Determine t(a).
2
Let f(r) = -1. Let c(u) = -2*u - 13 + 5 + 4*u + u**2 - 3*u. Let t(m) = c(m) - 5*f(m). Give t(-4).
17
Let f(d) = -533*d - 4 + 32 - d**2 + 523*d. Let h be f(-12). Let s(c) = -11 + 2*c**3 + 0*c + 4*c + 21 - 7 + h*c**2. What is s(-2)?
-5
Suppose -42 = 5*q - 4*w, 37 = -4*w + 49. Let t(l) = 2*l**2 + 9*l + 7. What is t(q)?
25
Let j(r) = -r**2 + 3*r + 2. Let v be j(2). Let q(d) = d + 1. Let l be q(v). Let z(g) = 10 + 2*g - 5 - l*g - 3. Determine z(-3).
11
Let y(u) = -u**3 - 17*u - 77 - 75 + u - 10*u**2 + 145. What is y(-8)?
-7
Let c(o) be the third derivative of 5/8*o**4 + 0*o - 1/2*o**3 + 0 + 102*o**2. Give c(3).
42
Let j(b) = -26*b**3 - 2*b**2 + 2*b - 1. Let x = 471 + -444. Let n(t) = -7*t + 190. Let w be n(x). Determine j(w).
-27
Let m be ((-11)/5 + 1)/(319/(-110) + 3). Let p(t) = 2*t + 13. Determine p(m).
-11
Suppose -4*w - 8 = -5*i + 6*i, 4*w - 4 = -4*i. Let s(l) = 19*l - 3 - 1 + 2 + i - 23*l. Let v(j) = -j - 2. Let f be v(-6). What is s(f)?
-14
Let n(v) = v - 2. Let r(u) = -u + 3. Let j be r(0). Let c be n(j). Let y(d) = 1 + 1916*d**3 - 53*d**2 + 52*d**2 - 1915*d**3 - 2*d. What is y(c)?
-1
Let m(g) = -2*g**3 + g**2 - 1. Let r be m(-1). Let b(i) = -r*i - 9 + 7*i + 2*i**2 + 12 - 2. Let c(l) = -4*l**3 + l**2 - 1. Let h be c(1). Calculate b(h).
13
Let x = 83 - 85. Let q(w) = -2*w + 9. Let i(c) = 5*c - 3 - 2*c + 0*c - 2*c. Let l(m) = 8*i(m) + 3*q(m). Calculate l(x).
-1
Suppose -c = 4*c + 2*d - 44, 2*d = 4. Let v(x) = -x - 22. Let k(r) = -11. Let h(f) = 5*k(f) - 2*v(f). Determine h(c).
5
Let s(i) = 4*i - 13 + 3*i + 73 + 5*i - 9*i. Calculate s(-19).
3
Let y(q) = q + 6. Let s be y(-5). Let n(r) be the third derivative of r**6/20 + r**5/60 - r**4/8 + r**3/6 - 17*r**2 - 3*r + 1. What is n(s)?
5
Let n(k) = -k**3 + 2*k**2 + 5*k - 10. Suppose 0 = 5*i + 15*s - 8*s - 6, -3*i - 5*s = -2. Determine n(i).
-22
Let g(q) = -q + 220. Let i(x) = -5*x + 1214. Let f(z) = 11*g(z) - 2*i(z). Suppose 0*r = -2*r + 4. Suppose 0 = c - r*c - 9. What is f(c)?
1
Let d be (27 - (10 + -3)) + -8. Let t(h) = 2*h + 3*h + 13 - d*h - h - 8. Give t(4).
-27
Let q(v) = 2*v**2 + 5*v + 3. Suppose 4*p = 2*b, 5*p - 15 = -7*b + 2*b. Let a(k) = -2*k**2 + 1. Let j be a(b). Let x be j - (-1 + 0)*4. Calculate q(x).
6
Let u(j) be the third derivative of j**7/840 + j**6/120 + j**5/40 + j**4/4 - 47*j**3/6 + 57*j**2. Let c(i) be the first derivative of u(i). Calculate c(-3).
-3
Let m(d) be the second derivative of -d**5/20 + 13*d**4/12 - 5*d**3/2 - 7*d**